52 = 4*p - 2*c, -5*p - 458 = 6*c - 4*c. Suppose -645 = 12*r + 915. Let g = p - r. What is the units digit of g?
0
Let h be 13/((1/16)/(-1)). What is the units digit of h/(-32)*((-1)/1 + 11)?
5
Suppose -3*c = 2 - 8. Suppose 0 = -4*u - r + 169, -c*u + 3*u - 58 = 5*r. What is the tens digit of u?
4
Let c be 54/(-9)*(-2)/(-3). Let a(l) = -2*l - 4. Let j be a(c). Suppose 0 = j*d - 168 + 52. What is the tens digit of d?
2
Let w(l) = l**3 + l + 104. Let p be w(0). Let j = p - 40. What is the units digit of j?
4
Let w = -135 + 411. What is the units digit of w?
6
Let i(l) = -l**3 - 6*l**2 - 2*l - 8. Let q be i(-6). Suppose 5*g = q*w + 171 - 648, 4*w + 2*g - 470 = 0. What is the hundreds digit of w?
1
Suppose 2*l - 51 = 35. Let j = 187 - 106. Let n = j - l. What is the units digit of n?
8
Suppose -3*g = 7*g - 5340. Suppose 6*h = -5*o + 2*h + g, h = -4. What is the hundreds digit of o?
1
Let o(a) = 2*a**2 - 22*a - 221. What is the units digit of o(22)?
3
Suppose -6*y - 12 = -48. Suppose y*a - 7*a = -166. What is the tens digit of a?
6
Suppose 4*k - 2*s = -0*k + 362, -5*s - 455 = -5*k. Suppose 78 + k = 3*v. What is the tens digit of v?
5
What is the hundreds digit of (-2 - 10/(-4))*35312/8?
2
Let c = -50 - -55. Suppose 4*g + t = 1001, -c*g + 9*g - t - 1007 = 0. What is the hundreds digit of g?
2
Suppose 0 = -29*y + 53*y - 39816. What is the hundreds digit of y?
6
Suppose 85*x = x + 334320. What is the thousands digit of x?
3
Let o be -8 - -7 - (33 + 1). What is the units digit of (49/35)/((-1)/o)?
9
Let p = 13 - 20. Let v = 9 + p. What is the units digit of (-164)/(-2) - (v - -1)?
9
Let s = -4251 + 7933. What is the thousands digit of s?
3
Let s(x) = -32*x - 4. Let n be s(-2). What is the tens digit of ((-24)/10)/((-9)/n)?
1
Let s be 2*-1 + -2 + 4. Suppose -3 = -w - s. Suppose d - 4 = -w*d. What is the units digit of d?
1
Let f(s) = s**2 + s - 3. Let y be f(4). Suppose -2 = 3*m - y. Suppose 0 = 4*j + 4, -m*z - 34 = -5*j - 144. What is the units digit of z?
1
Let y(u) = 2*u**2 - 12*u - 36. What is the tens digit of y(16)?
8
Let h be 5 - 3074/(-8) - 2/8. Suppose -691 = -12*r + h. What is the units digit of r?
0
Suppose -5*v - 3*m = -22, -5*v = 5*m + 18 - 48. Let s(i) be the first derivative of i**3 - 3*i**2/2 + 2*i - 1. What is the units digit of s(v)?
8
Suppose 5*z + 50 = -4*x + 3*x, 3*x = z - 86. Let a = x + 43. Suppose -c = -v - a - 25, c - 3*v - 48 = 0. What is the units digit of c?
3
Let k be 756/147 + (-1)/7. Suppose 3*m - v - 660 = 0, -3*v = 7*m - k*m - 429. What is the tens digit of m?
1
Let k = 40 + -58. Suppose -8 = 4*g + 3*d + 37, 0 = 4*g - 5*d + 53. What is the units digit of (k/5)/(g/30)?
9
Suppose v = w + 1610, 25*v - 6415 = 21*v - w. What is the hundreds digit of v?
6
Suppose 15 = 2*t - t. Let y(a) = -a**3 + 15*a**2 + 14*a + 48. What is the units digit of y(t)?
8
Let s = -148 + 244. Let i = 17 + -12. Suppose i*b - s = 34. What is the units digit of b?
6
Let y = -67 + 79. What is the units digit of (9/(-6) + 0)/(y/(-1016))?
7
Suppose o + 1855 = 5*g - o, 1855 = 5*g - 3*o. What is the tens digit of g?
7
Let i(u) = 20*u + 6. Let h be 8 + (-3 - 2) + 2 + -2. What is the units digit of i(h)?
6
Let o(p) = -1160*p**3 + 2*p**2 + p - 1. What is the thousands digit of o(-1)?
1
Suppose 0 = -5*k + 17 + 28. Let f = -9 + k. Let m(x) = -x**3 - x**2 + 12. What is the tens digit of m(f)?
1
Suppose -2*c + 1122 = 2*n, 0 = -c + 36*n - 31*n + 531. What is the hundreds digit of c?
5
Let y = -2120 - -5252. What is the thousands digit of y?
3
Let t(w) = w**3 + w**2 - 4. Let i be t(0). Let g be 6/i + (-195)/6. What is the tens digit of g*(-4 - 21/(-6))?
1
Suppose -1016 = -2*w - g - 227, 0 = -3*w + 2*g + 1173. What is the units digit of w?
3
What is the units digit of 14/(9 + (-15176)/1688)?
7
Let t(p) = -16 - 7*p + 76 + 7*p + p. What is the tens digit of t(0)?
6
Suppose 3*l + 1 = 4*h, 0*h - h + 2*l = -4. Let s(t) = -6*t**3 - t**2 + t - 2. What is the units digit of s(h)?
0
Suppose a = -v + 3523, -1001 = 4*v - 3*a - 15114. What is the hundreds digit of v?
5
Let u(b) be the third derivative of -b**4/6 - 2*b**3/3 + 5*b**2. Let i be u(-4). What is the units digit of i/(-2)*(-2)/4?
3
Suppose 5*m - 3940 = 5*w, -2*m + 3*w = -1776 + 198. What is the tens digit of m?
8
Let v = -8 + 7. What is the hundreds digit of v + 11/13 + 7940/65?
1
Let o(m) = -m**3 + 12*m**2 + 14*m - 13. Let l be o(13). What is the tens digit of l/(0 - -3) + 27?
2
Suppose -4*d + 2*k = 410, d + 407 = -3*d + 5*k. Let l = d + 112. What is the units digit of l?
9
Let k be (4 + -1)/((-5)/135). Let x = k + 130. What is the units digit of x?
9
Let z = 204 - 76. Let a = 270 - z. What is the tens digit of a?
4
Let s(c) = 2*c**2 - 19*c + 6. Let l be s(14). What is the tens digit of 1*(-1 + l/4)?
3
Let l be (4/(-12)*3)/1. What is the units digit of -36*(4 - -2)*l/8?
7
Let r be (-105)/10 - 2/4. Let z = -11 - r. Suppose 4*s + 5*x - 180 = z, -4*s + x + 156 = -0*s. What is the tens digit of s?
4
Suppose 0 = 5*j - 15, 5*y + 4*j - 25453 = 6014. What is the hundreds digit of y?
2
Let d be -3 - (-164)/16 - (-2)/(-8). Suppose 111 = w + t, d*w = 2*w + 4*t + 519. What is the tens digit of w?
0
Let j = 1291 + -603. What is the tens digit of j?
8
Suppose -129*x + 127*x + 5034 = 0. What is the tens digit of x?
1
Let j(i) = i. Let y be j(-2). Let w(r) = 10*r**2 - 4. Let l be w(y). What is the units digit of 3*-17*(-24)/l?
4
Let j(o) = 331*o**3 + o. Let a be j(-1). Let x = -171 - a. What is the tens digit of x?
6
Let j(b) be the second derivative of b**6/360 + b**5/5 + 3*b**4/4 - 10*b. Let i(f) be the third derivative of j(f). What is the units digit of i(16)?
6
Suppose -5*n = 4*l - 60 - 108, n - 189 = -5*l. Suppose l = 3*d + 4*a, 0*d + d = 5*a + 25. What is the units digit of d?
5
Suppose 0*j - 4*j = 88. Let o be (1 + 30/(-21))*7. What is the units digit of (j/8)/(o/36)?
3
Suppose -5*o = 3*l + 20 + 2, -2*l - o - 3 = 0. What is the tens digit of (l/2)/(11/1210)?
5
Let c(t) = 2*t**2 - 3*t - 3. Let a = 7 - 21. Let j = -11 - a. What is the units digit of c(j)?
6
Let x(t) = 25*t - 17. Let l be x(-7). Let c = -124 - l. What is the tens digit of c?
6
What is the tens digit of 6/(-7*(-8)/1596)?
7
Let c(t) = 2*t**2 - t - 2. Let g be c(2). Suppose -g*r + 342 = -3*z, 2*r - 4*z = -0*r + 176. Suppose 7*l - 9*l = -r. What is the units digit of l?
2
What is the tens digit of ((-30)/2)/3*9774/(-90)?
4
Let p = -944 + 1514. What is the hundreds digit of p?
5
Let r = -107 + 229. Suppose -388 = -6*a + r. What is the units digit of a?
5
Let u(y) = -y**3 - 7*y**2 + 9*y + 8. Let q be u(-8). Suppose q = m - 3*m + 10, -2*h + 181 = -5*m. What is the units digit of h?
3
Let q = -235 + 466. What is the tens digit of 5 - 1 - q/(-3)?
8
Suppose 31*z = 20*z + 10824. What is the tens digit of z?
8
Suppose 4*x - l - 17 = 0, l + 2*l - 9 = -3*x. Suppose 0*a + 3*o = 2*a - 45, x*o = -4*a + 40. What is the tens digit of a?
1
Suppose 0 = 3*u - 32 + 80. Let f = u + 23. Let r(x) = x**3 - 5*x**2 - 10*x - 2. What is the units digit of r(f)?
6
Let c = -52 + 76. Let d be (-20)/(-6)*c/5. Suppose d = -4*y + 48. What is the units digit of y?
8
Let v = 43 + -40. Suppose -v*x + 264 = 4*l, 5*x - 3*l = -4*l + 457. What is the units digit of x?
2
Let a(j) = j**2 + 8*j - 16. Suppose 0 = -5*l - 2*p + 3*p + 71, -4*p + 52 = 4*l. Suppose -4*c + l = 62. What is the tens digit of a(c)?
3
What is the hundreds digit of 1384*2/24*6?
6
Let r = 4284 + -2511. What is the hundreds digit of r?
7
What is the units digit of 6430/6 + (-52)/(-39)?
3
Let x(c) = c**3 + 18*c**2 + 13*c + 22. Let g be x(-17). Suppose -2*z + g = z. What is the tens digit of z?
3
Let x(o) = 388*o + 4. Let q be x(1). Suppose 252 = a + 2*m, -m = 2*a - q - 112. What is the hundreds digit of a?
2
Suppose -b - 5*f = -26, -70 = 4*b - 2*f - 218. Suppose 10*a - b = 9*a. What is the tens digit of a?
3
Let v be -3 - (-6)/((-6)/(-55)). Suppose v = -3*b + b. Let m = b + 36. What is the units digit of m?
0
Suppose 5*j - 3573 = -l, -5*l = -5*j + 6*j - 729. What is the tens digit of j?
1
Let v be 3/(-1 + 10/16). What is the tens digit of ((-10)/v)/((-2)/(-1984)*8)?
5
Let x = -7 - -9. Let v be 1 - -17 - (-6)/x. Suppose v + 15 = 4*f. What is the units digit of f?
9
Suppose -4*s - c + 49 = -s, -s + 5*c + 11 = 0. Suppose -33 = -q + s. What